{"id":3475,"date":"2018-07-12T23:52:27","date_gmt":"2018-07-12T20:52:27","guid":{"rendered":"https:\/\/dirisukilisesi.org\/?page_id=3475"},"modified":"2018-07-12T23:52:27","modified_gmt":"2018-07-12T20:52:27","slug":"online-incil","status":"publish","type":"page","link":"https:\/\/dirisukilisesi.org\/index.php\/online-incil\/","title":{"rendered":"Online \u0130ncil"},"content":{"rendered":"<p><a href=\"http:\/\/incil.info\/\" target=\"_blank\" rel=\"noopener\">Online olarak okuyabilece\u011finiz internet sayfas\u0131n\u0131 bu linki takip ederek ula\u015fabilirsiniz.<\/a><\/p>\n","protected":false},"excerpt":{"rendered":"<p>Online olarak okuyabilece\u011finiz internet sayfas\u0131n\u0131 bu linki takip ederek ula\u015fabilirsiniz.<\/p>\n","protected":false},"author":2,"featured_media":0,"parent":0,"menu_order":0,"comment_status":"closed","ping_status":"closed","template":"","meta":{"footnotes":""},"class_list":["post-3475","page","type-page","status-publish","hentry"],"_links":{"self":[{"href":"https:\/\/dirisukilisesi.org\/index.php\/wp-json\/wp\/v2\/pages\/3475","targetHints":{"allow":["GET"]}}],"collection":[{"href":"https:\/\/dirisukilisesi.org\/index.php\/wp-json\/wp\/v2\/pages"}],"about":[{"href":"https:\/\/dirisukilisesi.org\/index.php\/wp-json\/wp\/v2\/types\/page"}],"author":[{"embeddable":true,"href":"https:\/\/dirisukilisesi.org\/index.php\/wp-json\/wp\/v2\/users\/2"}],"replies":[{"embeddable":true,"href":"https:\/\/dirisukilisesi.org\/index.php\/wp-json\/wp\/v2\/comments?post=3475"}],"version-history":[{"count":0,"href":"https:\/\/dirisukilisesi.org\/index.php\/wp-json\/wp\/v2\/pages\/3475\/revisions"}],"wp:attachment":[{"href":"https:\/\/dirisukilisesi.org\/index.php\/wp-json\/wp\/v2\/media?parent=3475"}],"curies":[{"name":"wp","href":"https:\/\/api.w.org\/{rel}","templated":true}]}}