{"id":98,"date":"2014-08-24T17:28:24","date_gmt":"2014-08-24T17:28:24","guid":{"rendered":"http:\/\/192.168.1.104\/enfold-blog\/?page_id=13"},"modified":"2018-10-25T22:55:52","modified_gmt":"2018-10-25T19:55:52","slug":"contact-2","status":"publish","type":"page","link":"https:\/\/dirisukilisesi.org\/index.php\/contact-2\/","title":{"rendered":"\u0130leti\u015fim"},"content":{"rendered":"\n<style type=\"text\/css\" data-created_by=\"avia_inline_auto\" id=\"style-css-av-w50q-99e63b0029f0d7e82a1644df813251c6\">\n.flex_column.av-w50q-99e63b0029f0d7e82a1644df813251c6{\n-webkit-border-radius:0px 0px 0px 0px;\n-moz-border-radius:0px 0px 0px 0px;\nborder-radius:0px 0px 0px 0px;\npadding:-30px 0px 0px 0px;\n}\n<\/style>\n<div class='flex_column av-w50q-99e63b0029f0d7e82a1644df813251c6 av_one_full  avia-builder-el-0  el_before_av_section  avia-builder-el-no-sibling  first flex_column_div '     ><\/div><\/div><\/div><\/div><!-- close content main div --><\/div><\/div><div id='av_section_1'  class='avia-section av-8vcg6-4c1cc0c86c0b35925609e354f4b3f64d main_color avia-section-default avia-no-border-styling  avia-builder-el-2  el_after_av_one_full  avia-builder-el-last  avia-bg-style-scroll container_wrap sidebar_right'  ><div class='container av-section-cont-open' ><div class='template-page content  av-content-small alpha units'><div class='post-entry post-entry-type-page post-entry-98'><div class='entry-content-wrapper clearfix'>\n<div class='flex_column_table av-88pse-d2ddbdc214421b96088f6e620788b5d8 sc-av_one_half av-equal-height-column-flextable'>\n<style type=\"text\/css\" data-created_by=\"avia_inline_auto\" id=\"style-css-av-88pse-d2ddbdc214421b96088f6e620788b5d8\">\n#top .flex_column_table.av-equal-height-column-flextable.av-88pse-d2ddbdc214421b96088f6e620788b5d8{\nmargin-top:-90px;\nmargin-bottom:0px;\n}\n.flex_column.av-88pse-d2ddbdc214421b96088f6e620788b5d8{\n-webkit-border-radius:0px 0px 0px 0px;\n-moz-border-radius:0px 0px 0px 0px;\nborder-radius:0px 0px 0px 0px;\npadding:30px 30px 30px 30px;\nbackground-color:#ffffff;\n}\n<\/style>\n<div class='flex_column av-88pse-d2ddbdc214421b96088f6e620788b5d8 av_one_half  avia-builder-el-3  el_before_av_one_half  avia-builder-el-first  first no_margin flex_column_table_cell av-equal-height-column av-align-top '     ><p>\n<style type=\"text\/css\" data-created_by=\"avia_inline_auto\" id=\"style-css-av-1i6oy-8f312ff53cde7fb0ae09fcdb7dee9dc1\">\n#top .av-special-heading.av-1i6oy-8f312ff53cde7fb0ae09fcdb7dee9dc1{\npadding-bottom:0;\nfont-size:30px;\n}\nbody .av-special-heading.av-1i6oy-8f312ff53cde7fb0ae09fcdb7dee9dc1 .av-special-heading-tag .heading-char{\nfont-size:25px;\n}\n#top #wrap_all .av-special-heading.av-1i6oy-8f312ff53cde7fb0ae09fcdb7dee9dc1 .av-special-heading-tag{\nfont-size:30px;\n}\n.av-special-heading.av-1i6oy-8f312ff53cde7fb0ae09fcdb7dee9dc1 .av-subheading{\nfont-size:13px;\n}\n\n@media only screen and (min-width: 480px) and (max-width: 767px){ \n#top #wrap_all .av-special-heading.av-1i6oy-8f312ff53cde7fb0ae09fcdb7dee9dc1 .av-special-heading-tag{\nfont-size:0.8em;\n}\n}\n\n@media only screen and (max-width: 479px){ \n#top #wrap_all .av-special-heading.av-1i6oy-8f312ff53cde7fb0ae09fcdb7dee9dc1 .av-special-heading-tag{\nfont-size:0.8em;\n}\n}\n<\/style>\n<div  class='av-special-heading av-1i6oy-8f312ff53cde7fb0ae09fcdb7dee9dc1 av-special-heading-h3 blockquote modern-quote modern-centered  avia-builder-el-4  el_before_av_hr  avia-builder-el-first  av-inherit-size'><h3 class='av-special-heading-tag'  itemprop=\"headline\"  >Bize Nas\u0131l Ula\u015fabilirsiniz<\/h3><div class='av-subheading av-subheading_below'><p>Kilisemiz \u015ei\u015fli &#8211; \u0130stanbul&#8217;dad\u0131r, Yukardaki haritadan yard\u0131m alabilirsiniz.<\/p>\n<\/div><div class=\"special-heading-border\"><div class=\"special-heading-inner-border\"><\/div><\/div><\/div><br \/>\n\n<style type=\"text\/css\" data-created_by=\"avia_inline_auto\" id=\"style-css-av-6q9ra-a470e2fdccddad69395406bc1d1b1782\">\n#top .hr.av-6q9ra-a470e2fdccddad69395406bc1d1b1782{\nmargin-top:30px;\nmargin-bottom:30px;\n}\n.hr.av-6q9ra-a470e2fdccddad69395406bc1d1b1782 .hr-inner{\nwidth:20%;\nmax-width:45%;\n}\n<\/style>\n<div  class='hr av-6q9ra-a470e2fdccddad69395406bc1d1b1782 hr-custom  avia-builder-el-5  el_after_av_heading  el_before_av_textblock  hr-center hr-icon-yes'><span class='hr-inner inner-border-av-border-thin'><span class=\"hr-inner-style\"><\/span><\/span><span class='av-seperator-icon' aria-hidden='true' data-av_icon='\ue8bf' data-av_iconfont='entypo-fontello'><\/span><span class='hr-inner inner-border-av-border-thin'><span class=\"hr-inner-style\"><\/span><\/span><\/div><br \/>\n<section  class='av_textblock_section av-654hq-d07de3f694b5d4e37d65809e7cdcee14'  itemscope=\"itemscope\" itemtype=\"https:\/\/schema.org\/CreativeWork\" ><div class='avia_textblock'  itemprop=\"text\" ><p>Bize ula\u015fabilece\u011finiz a\u00e7\u0131k adresimiz a\u015fa\u011f\u0131dad\u0131r.<\/p>\n<p><strong>\u00a0<\/strong><\/p>\n<p><strong>Adresimiz:<\/strong><br \/>\nCumhuriyet Mahallesi, Bilgi\u00e7 Sokak,<br \/>\nNo. 11, B \u015ei\u015fli<br \/>\n\u0130stanbul, T\u00fcrkiye<br \/>\n<strong>Telefon Numaralar\u0131m\u0131z:<br \/>\n<\/strong>Cep Telefonu: (0532) 548 7270<strong><br \/>\n<\/strong>(0212) 232 9669<\/p>\n<p><strong>E-Posta Adresimiz:<\/strong><br \/>\nkilisedirisu@gmail.com<\/p>\n<\/div><\/section><br \/>\n\n<style type=\"text\/css\" data-created_by=\"avia_inline_auto\" id=\"style-css-av-5f5je-6ff570602a096195cd5bcdc9a475f446\">\n#top .hr.av-5f5je-6ff570602a096195cd5bcdc9a475f446{\nmargin-top:18px;\nmargin-bottom:30px;\n}\n.hr.av-5f5je-6ff570602a096195cd5bcdc9a475f446 .hr-inner{\nwidth:20%;\nmax-width:45%;\n}\n<\/style>\n<div  class='hr av-5f5je-6ff570602a096195cd5bcdc9a475f446 hr-custom  avia-builder-el-7  el_after_av_textblock  avia-builder-el-last  hr-center hr-icon-yes'><span class='hr-inner inner-border-av-border-thin'><span class=\"hr-inner-style\"><\/span><\/span><span class='av-seperator-icon' aria-hidden='true' data-av_icon='\ue8bf' data-av_iconfont='entypo-fontello'><\/span><span class='hr-inner inner-border-av-border-thin'><span class=\"hr-inner-style\"><\/span><\/span><\/div><\/p><\/div>\n<style type=\"text\/css\" data-created_by=\"avia_inline_auto\" id=\"style-css-av-58riu-754e7f10d82cc33dfa16f8f67063031f\">\n#top .flex_column_table.av-equal-height-column-flextable.av-58riu-754e7f10d82cc33dfa16f8f67063031f{\nmargin-top:-90px;\nmargin-bottom:0px;\n}\n.flex_column.av-58riu-754e7f10d82cc33dfa16f8f67063031f{\n-webkit-border-radius:0px 0px 0px 0px;\n-moz-border-radius:0px 0px 0px 0px;\nborder-radius:0px 0px 0px 0px;\npadding:30px 30px 30px 30px;\nbackground-color:#83a846;\n}\n<\/style>\n<div class='flex_column av-58riu-754e7f10d82cc33dfa16f8f67063031f av_one_half  avia-builder-el-8  el_after_av_one_half  avia-builder-el-last  no_margin flex_column_table_cell av-equal-height-column av-align-top '     ><p>\n<style type=\"text\/css\" data-created_by=\"avia_inline_auto\" id=\"style-css-av-14vlq-5e6712d4b3813514f594eeb169e1c445\">\n#top .av-special-heading.av-14vlq-5e6712d4b3813514f594eeb169e1c445{\npadding-bottom:0;\ncolor:#ffffff;\nfont-size:30px;\n}\nbody .av-special-heading.av-14vlq-5e6712d4b3813514f594eeb169e1c445 .av-special-heading-tag .heading-char{\nfont-size:25px;\n}\n#top #wrap_all .av-special-heading.av-14vlq-5e6712d4b3813514f594eeb169e1c445 .av-special-heading-tag{\nfont-size:30px;\n}\n.av-special-heading.av-14vlq-5e6712d4b3813514f594eeb169e1c445 .special-heading-inner-border{\nborder-color:#ffffff;\n}\n.av-special-heading.av-14vlq-5e6712d4b3813514f594eeb169e1c445 .av-subheading{\nfont-size:13px;\n}\n\n@media only screen and (min-width: 480px) and (max-width: 767px){ \n#top #wrap_all .av-special-heading.av-14vlq-5e6712d4b3813514f594eeb169e1c445 .av-special-heading-tag{\nfont-size:0.8em;\n}\n}\n\n@media only screen and (max-width: 479px){ \n#top #wrap_all .av-special-heading.av-14vlq-5e6712d4b3813514f594eeb169e1c445 .av-special-heading-tag{\nfont-size:0.8em;\n}\n}\n<\/style>\n<div  class='av-special-heading av-14vlq-5e6712d4b3813514f594eeb169e1c445 av-special-heading-h3 custom-color-heading blockquote modern-quote modern-centered  avia-builder-el-9  el_before_av_hr  avia-builder-el-first  av-inherit-size'><h3 class='av-special-heading-tag'  itemprop=\"headline\"  >\u0130leti\u015fim Formu<\/h3><div class='av_custom_color av-subheading av-subheading_below'><p>Bize ula\u015fmak i\u00e7in a\u015fa\u011f\u0131daki formu doldurabilirsiniz<\/p>\n<\/div><div class=\"special-heading-border\"><div class=\"special-heading-inner-border\"><\/div><\/div><\/div><br \/>\n\n<style type=\"text\/css\" data-created_by=\"avia_inline_auto\" id=\"style-css-av-3pfpa-b23657764ca5ee4a4f94cf6724adaf50\">\n#top .hr.av-3pfpa-b23657764ca5ee4a4f94cf6724adaf50{\nmargin-top:30px;\nmargin-bottom:30px;\n}\n.hr.av-3pfpa-b23657764ca5ee4a4f94cf6724adaf50 .hr-inner{\nwidth:20%;\nborder-color:rgba(255,255,255,0.3);\nmax-width:45%;\n}\n.hr.av-3pfpa-b23657764ca5ee4a4f94cf6724adaf50 .av-seperator-icon{\ncolor:#ffffff;\n}\n<\/style>\n<div  class='hr av-3pfpa-b23657764ca5ee4a4f94cf6724adaf50 hr-custom  avia-builder-el-10  el_after_av_heading  el_before_av_contact  hr-center hr-icon-yes'><span class='hr-inner inner-border-av-border-thin'><span class=\"hr-inner-style\"><\/span><\/span><span class='av-seperator-icon' aria-hidden='true' data-av_icon='\ue8bf' data-av_iconfont='entypo-fontello'><\/span><span class='hr-inner inner-border-av-border-thin'><span class=\"hr-inner-style\"><\/span><\/span><\/div><br \/>\n<form action=\"https:\/\/dirisukilisesi.org\/index.php\/contact-2\/\" method=\"post\"  class=\"avia_ajax_form av-form-labels-hidden   avia-builder-el-11  el_after_av_hr  avia-builder-el-last  av-centered-form  av-custom-form-color av-light-form \" data-avia-form-id=\"1\" data-avia-redirect='' ><fieldset><p class='  first_form  form_element form_element_half' id='element_avia_1_1'><label for=\"avia_1_1\">Ad\u0131n\u0131z <abbr class=\"required\" title=\"Zorunlu\">*<\/abbr><\/label> <input name=\"avia_1_1\" class=\"text_input is_empty\" type=\"text\" id=\"avia_1_1\" value=\"\"  placeholder='Ad\u0131n\u0131z*'\/><\/p><p class='  form_element form_element_half' id='element_avia_2_1'><label for=\"avia_2_1\">E-Posta Adresiniz <abbr class=\"required\" title=\"Zorunlu\">*<\/abbr><\/label> <input name=\"avia_2_1\" class=\"text_input is_email\" type=\"text\" id=\"avia_2_1\" value=\"\"  placeholder='E-Posta Adresiniz*'\/><\/p><p class='  first_form  form_element form_fullwidth' id='element_avia_3_1'><label for=\"avia_3_1\">Konu <abbr class=\"required\" title=\"Zorunlu\">*<\/abbr><\/label> <input name=\"avia_3_1\" class=\"text_input is_empty\" type=\"text\" id=\"avia_3_1\" value=\"\"  placeholder='Konu*'\/><\/p><p class='  first_form  form_element form_fullwidth av-last-visible-form-element' id='element_avia_4_1'><label for=\"avia_4_1\" class=\"textare_label hidden textare_label_avia_4_1\">Mesaj\u0131n\u0131z <abbr class=\"required\" title=\"Zorunlu\">*<\/abbr><\/label><textarea  placeholder='Mesaj\u0131n\u0131z*' name=\"avia_4_1\" class=\"text_area is_empty\" cols=\"40\" rows=\"7\" id=\"avia_4_1\" ><\/textarea><\/p><p class=\"hidden\"><input type=\"text\" name=\"avia_5_1\" class=\"hidden \" id=\"avia_5_1\" value=\"\" \/><\/p><p class=\"form_element \"><input type=\"hidden\" value=\"1\" name=\"avia_generated_form1\" \/><input type=\"submit\" value=\"G\u00f6nder\" class=\"button\"  data-sending-label=\"G\u00f6nderiliyor\"\/><\/p><\/fieldset><\/form><div id=\"ajaxresponse_1\" class=\"ajaxresponse ajaxresponse_1 hidden\"><\/div><\/p><\/div><\/div><!--close column table wrapper. Autoclose: 1 -->\n<\/div><\/div><\/div><!-- close content main div --><\/div><\/div><div id='after_section_1'  class='main_color av_default_container_wrap container_wrap sidebar_right'  ><div class='container av-section-cont-open' ><div class='template-page content  av-content-small alpha units'><div class='post-entry post-entry-type-page post-entry-98'><div class='entry-content-wrapper clearfix'><\/p>\n","protected":false},"excerpt":{"rendered":"","protected":false},"author":2,"featured_media":0,"parent":0,"menu_order":0,"comment_status":"open","ping_status":"open","template":"","meta":{"footnotes":""},"class_list":["post-98","page","type-page","status-publish","hentry"],"_links":{"self":[{"href":"https:\/\/dirisukilisesi.org\/index.php\/wp-json\/wp\/v2\/pages\/98","targetHints":{"allow":["GET"]}}],"collection":[{"href":"https:\/\/dirisukilisesi.org\/index.php\/wp-json\/wp\/v2\/pages"}],"about":[{"href":"https:\/\/dirisukilisesi.org\/index.php\/wp-json\/wp\/v2\/types\/page"}],"author":[{"embeddable":true,"href":"https:\/\/dirisukilisesi.org\/index.php\/wp-json\/wp\/v2\/users\/2"}],"replies":[{"embeddable":true,"href":"https:\/\/dirisukilisesi.org\/index.php\/wp-json\/wp\/v2\/comments?post=98"}],"version-history":[{"count":0,"href":"https:\/\/dirisukilisesi.org\/index.php\/wp-json\/wp\/v2\/pages\/98\/revisions"}],"wp:attachment":[{"href":"https:\/\/dirisukilisesi.org\/index.php\/wp-json\/wp\/v2\/media?parent=98"}],"curies":[{"name":"wp","href":"https:\/\/api.w.org\/{rel}","templated":true}]}}